{"id":2580,"date":"2022-03-31T13:16:36","date_gmt":"2022-03-31T11:16:36","guid":{"rendered":"https:\/\/blackpeak-ebike.com\/?page_id=2580"},"modified":"2022-10-13T09:15:33","modified_gmt":"2022-10-13T07:15:33","slug":"prijava-na-dogodek","status":"publish","type":"page","link":"https:\/\/blackpeak-ebike.com\/sl\/prijava-na-dogodek\/","title":{"rendered":"Prijava na Dogodek"},"content":{"rendered":"\n<p>JESENSKA E-KOLESARSKA POSLASTICA <\/p>\n\n\n\n<p>Spet smo tukaj!<br>Polni energije, z napolnjenimi baterijami \ud83d\ude0a in pripravljeni, da vas popeljemo na nova raziskovanja zahodnega dela Pohorja.<\/p>\n\n\n\n<p>Jesen je tukaj v vsej svoji veli\u010dini in narava nam je postregla z res \u010dudovitimi \u010darovnijami\u2026<br><br>Pridru\u017eite se nam na brezpla\u010dni e-kolesarski vodeni turi, kjer se bomo s pomo\u010djo e-koles odpravili po jesenski, pohorski \u010darovniji in raziskovali zahodni del Pohorja.<\/p>\n\n\n\n<figure class=\"wp-block-image size-large\"><img loading=\"lazy\" decoding=\"async\" width=\"1024\" height=\"683\" src=\"https:\/\/blackpeak-ebike.com\/wp-content\/uploads\/2022\/08\/DSF9315-edited-Pixlr-1024x683.png\" alt=\"\" class=\"wp-image-2739\" srcset=\"https:\/\/blackpeak-ebike.com\/wp-content\/uploads\/2022\/08\/DSF9315-edited-Pixlr-1024x683.png 1024w, https:\/\/blackpeak-ebike.com\/wp-content\/uploads\/2022\/08\/DSF9315-edited-Pixlr-300x200.png 300w, https:\/\/blackpeak-ebike.com\/wp-content\/uploads\/2022\/08\/DSF9315-edited-Pixlr-768x512.png 768w, https:\/\/blackpeak-ebike.com\/wp-content\/uploads\/2022\/08\/DSF9315-edited-Pixlr-1536x1024.png 1536w, https:\/\/blackpeak-ebike.com\/wp-content\/uploads\/2022\/08\/DSF9315-edited-Pixlr.png 1920w\" sizes=\"auto, (max-width: 767px) 89vw, (max-width: 1000px) 54vw, (max-width: 1071px) 543px, 580px\" \/><\/figure>\n\n\n\n<p><strong>VE\u010c O DOGODKU<\/strong><\/p>\n\n\n\n<p>Zbrali se bomo 22.10.2022 ob 08.00 uri pred na\u0161imi Lake Peak Apartmaji, Ribnica na Pohorju 26 in se odpravili na brezpla\u010dno, vodeno kolesarsko turo.<br>Z e-kolesi se bomo podali na 44 km dolgo pot (pribli\u017eno 1650 m vi\u0161inske razlike).<\/p>\n\n\n\n<p>Pot nas popelje mimo \u010dudovitih naravnih in kulturnih znamenitosti, skritih partizanskih bolni\u0161nic, cerkva&#8230;<br>Lepih razgledov na okoli\u0161ke vrhove, gozdove, travnike, pa\u0161nike ne bo manjkalo.<br><br>Na\u0161 e-kolesarski podvig bomo nagradili in zaklju\u010dili na planinski ko\u010di Pesnik. Planinska ko\u010da Pesnik le\u017ei na \u010dudoviti lokaciji, majhnem pohorskem zaselku s \u010dudovitim razgledom. Tukaj bomo u\u017eivali v doma\u010dem kosilu (20 eur na osebo), se dru\u017eili in popolnoma sprostili.<\/p>\n\n\n\n<p>Tako da: pripravite svoje \u010delade, napolnite e-kolesa in se prijavite na na\u0161i spletni strani.<\/p>\n\n\n\n<p>Prijave zbiramo do \u010detrtka 20.10.2022.<\/p>\n\n\n\n<p><strong>Za vse dodatne informacije o dogodku smo vam voljo na<\/strong><\/p>\n\n\n\n<p>Tel: +386 40 650 249<br>E-mail: iris@blackpeak-ebike.com<\/p>\n","protected":false},"excerpt":{"rendered":"<p>JESENSKA E-KOLESARSKA POSLASTICA Spet smo tukaj!Polni energije, z napolnjenimi baterijami \ud83d\ude0a in pripravljeni, da vas popeljemo na nova raziskovanja zahodnega dela Pohorja. Jesen je tukaj v vsej svoji veli\u010dini in narava nam je postregla z res \u010dudovitimi \u010darovnijami\u2026 Pridru\u017eite se nam na brezpla\u010dni e-kolesarski vodeni turi, kjer se bomo s pomo\u010djo e-koles odpravili po jesenski, &hellip; <\/p>\n<p class=\"link-more\"><a href=\"https:\/\/blackpeak-ebike.com\/sl\/prijava-na-dogodek\/\" class=\"more-link\">Preberi ve\u010d<span class=\"screen-reader-text\"> &#8220;Prijava na Dogodek&#8221;<\/span><\/a><\/p>\n","protected":false},"author":1,"featured_media":2698,"parent":0,"menu_order":0,"comment_status":"closed","ping_status":"closed","template":"","meta":{"_acf_changed":false,"inline_featured_image":false,"footnotes":""},"class_list":["post-2580","page","type-page","status-publish","has-post-thumbnail","hentry"],"acf":[],"yoast_head":"<!-- This site is optimized with the Yoast SEO plugin v27.1.1 - https:\/\/yoast.com\/product\/yoast-seo-wordpress\/ -->\n<title>Prijava na dogodek - Black Peak E-bike<\/title>\n<meta name=\"description\" content=\"Black Peak E-bike, vabi na promocijsko, brezpla\u010dno vodeno turo z e-kolesi! Prijavite se na na\u0161i spletni strani!\" \/>\n<meta name=\"robots\" content=\"index, follow, max-snippet:-1, max-image-preview:large, max-video-preview:-1\" \/>\n<link rel=\"canonical\" href=\"https:\/\/blackpeak-ebike.com\/sl\/prijava-na-dogodek\/\" \/>\n<meta property=\"og:locale\" content=\"sl_SI\" \/>\n<meta property=\"og:type\" content=\"article\" \/>\n<meta property=\"og:title\" content=\"Prijava na dogodek - Black Peak E-bike\" \/>\n<meta property=\"og:description\" content=\"Black Peak E-bike, vabi na promocijsko, brezpla\u010dno vodeno turo z e-kolesi! Prijavite se na na\u0161i spletni strani!\" \/>\n<meta property=\"og:url\" content=\"https:\/\/blackpeak-ebike.com\/sl\/prijava-na-dogodek\/\" \/>\n<meta property=\"og:site_name\" content=\"BLACK PEAK\" \/>\n<meta property=\"article:modified_time\" content=\"2022-10-13T07:15:33+00:00\" \/>\n<meta property=\"og:image\" content=\"https:\/\/blackpeak-ebike.com\/wp-content\/uploads\/2022\/05\/DSF9093-edited-Pixlr-1024x683.png\" \/>\n\t<meta property=\"og:image:width\" content=\"1024\" \/>\n\t<meta property=\"og:image:height\" content=\"683\" \/>\n\t<meta property=\"og:image:type\" content=\"image\/png\" \/>\n<meta name=\"twitter:card\" content=\"summary_large_image\" \/>\n<meta name=\"twitter:label1\" content=\"Est. reading time\" \/>\n\t<meta name=\"twitter:data1\" content=\"2 minuti\" \/>\n<script type=\"application\/ld+json\" class=\"yoast-schema-graph\">{\"@context\":\"https:\/\/schema.org\",\"@graph\":[{\"@type\":\"WebPage\",\"@id\":\"https:\/\/blackpeak-ebike.com\/sl\/prijava-na-dogodek\/\",\"url\":\"https:\/\/blackpeak-ebike.com\/sl\/prijava-na-dogodek\/\",\"name\":\"Prijava na dogodek - Black Peak E-bike\",\"isPartOf\":{\"@id\":\"https:\/\/blackpeak-ebike.com\/#website\"},\"primaryImageOfPage\":{\"@id\":\"https:\/\/blackpeak-ebike.com\/sl\/prijava-na-dogodek\/#primaryimage\"},\"image\":{\"@id\":\"https:\/\/blackpeak-ebike.com\/sl\/prijava-na-dogodek\/#primaryimage\"},\"thumbnailUrl\":\"https:\/\/blackpeak-ebike.com\/wp-content\/uploads\/2022\/05\/DSF9093-edited-Pixlr.png\",\"datePublished\":\"2022-03-31T11:16:36+00:00\",\"dateModified\":\"2022-10-13T07:15:33+00:00\",\"description\":\"Black Peak E-bike, vabi na promocijsko, brezpla\u010dno vodeno turo z e-kolesi! Prijavite se na na\u0161i spletni strani!\",\"breadcrumb\":{\"@id\":\"https:\/\/blackpeak-ebike.com\/sl\/prijava-na-dogodek\/#breadcrumb\"},\"inLanguage\":\"sl-SI\",\"potentialAction\":[{\"@type\":\"ReadAction\",\"target\":[\"https:\/\/blackpeak-ebike.com\/sl\/prijava-na-dogodek\/\"]}]},{\"@type\":\"ImageObject\",\"inLanguage\":\"sl-SI\",\"@id\":\"https:\/\/blackpeak-ebike.com\/sl\/prijava-na-dogodek\/#primaryimage\",\"url\":\"https:\/\/blackpeak-ebike.com\/wp-content\/uploads\/2022\/05\/DSF9093-edited-Pixlr.png\",\"contentUrl\":\"https:\/\/blackpeak-ebike.com\/wp-content\/uploads\/2022\/05\/DSF9093-edited-Pixlr.png\",\"width\":1920,\"height\":1280},{\"@type\":\"BreadcrumbList\",\"@id\":\"https:\/\/blackpeak-ebike.com\/sl\/prijava-na-dogodek\/#breadcrumb\",\"itemListElement\":[{\"@type\":\"ListItem\",\"position\":1,\"name\":\"Home\",\"item\":\"https:\/\/blackpeak-ebike.com\/sl\/\"},{\"@type\":\"ListItem\",\"position\":2,\"name\":\"Prijava na Dogodek\"}]},{\"@type\":\"WebSite\",\"@id\":\"https:\/\/blackpeak-ebike.com\/#website\",\"url\":\"https:\/\/blackpeak-ebike.com\/\",\"name\":\"BLACK PEAK\",\"description\":\"E-bike Destination\",\"potentialAction\":[{\"@type\":\"SearchAction\",\"target\":{\"@type\":\"EntryPoint\",\"urlTemplate\":\"https:\/\/blackpeak-ebike.com\/?s={search_term_string}\"},\"query-input\":{\"@type\":\"PropertyValueSpecification\",\"valueRequired\":true,\"valueName\":\"search_term_string\"}}],\"inLanguage\":\"sl-SI\"}]}<\/script>\n<!-- \/ Yoast SEO plugin. -->","yoast_head_json":{"title":"Prijava na dogodek - Black Peak E-bike","description":"Black Peak E-bike, vabi na promocijsko, brezpla\u010dno vodeno turo z e-kolesi! Prijavite se na na\u0161i spletni strani!","robots":{"index":"index","follow":"follow","max-snippet":"max-snippet:-1","max-image-preview":"max-image-preview:large","max-video-preview":"max-video-preview:-1"},"canonical":"https:\/\/blackpeak-ebike.com\/sl\/prijava-na-dogodek\/","og_locale":"sl_SI","og_type":"article","og_title":"Prijava na dogodek - Black Peak E-bike","og_description":"Black Peak E-bike, vabi na promocijsko, brezpla\u010dno vodeno turo z e-kolesi! Prijavite se na na\u0161i spletni strani!","og_url":"https:\/\/blackpeak-ebike.com\/sl\/prijava-na-dogodek\/","og_site_name":"BLACK PEAK","article_modified_time":"2022-10-13T07:15:33+00:00","og_image":[{"width":1024,"height":683,"url":"https:\/\/blackpeak-ebike.com\/wp-content\/uploads\/2022\/05\/DSF9093-edited-Pixlr-1024x683.png","type":"image\/png"}],"twitter_card":"summary_large_image","twitter_misc":{"Est. reading time":"2 minuti"},"schema":{"@context":"https:\/\/schema.org","@graph":[{"@type":"WebPage","@id":"https:\/\/blackpeak-ebike.com\/sl\/prijava-na-dogodek\/","url":"https:\/\/blackpeak-ebike.com\/sl\/prijava-na-dogodek\/","name":"Prijava na dogodek - Black Peak E-bike","isPartOf":{"@id":"https:\/\/blackpeak-ebike.com\/#website"},"primaryImageOfPage":{"@id":"https:\/\/blackpeak-ebike.com\/sl\/prijava-na-dogodek\/#primaryimage"},"image":{"@id":"https:\/\/blackpeak-ebike.com\/sl\/prijava-na-dogodek\/#primaryimage"},"thumbnailUrl":"https:\/\/blackpeak-ebike.com\/wp-content\/uploads\/2022\/05\/DSF9093-edited-Pixlr.png","datePublished":"2022-03-31T11:16:36+00:00","dateModified":"2022-10-13T07:15:33+00:00","description":"Black Peak E-bike, vabi na promocijsko, brezpla\u010dno vodeno turo z e-kolesi! Prijavite se na na\u0161i spletni strani!","breadcrumb":{"@id":"https:\/\/blackpeak-ebike.com\/sl\/prijava-na-dogodek\/#breadcrumb"},"inLanguage":"sl-SI","potentialAction":[{"@type":"ReadAction","target":["https:\/\/blackpeak-ebike.com\/sl\/prijava-na-dogodek\/"]}]},{"@type":"ImageObject","inLanguage":"sl-SI","@id":"https:\/\/blackpeak-ebike.com\/sl\/prijava-na-dogodek\/#primaryimage","url":"https:\/\/blackpeak-ebike.com\/wp-content\/uploads\/2022\/05\/DSF9093-edited-Pixlr.png","contentUrl":"https:\/\/blackpeak-ebike.com\/wp-content\/uploads\/2022\/05\/DSF9093-edited-Pixlr.png","width":1920,"height":1280},{"@type":"BreadcrumbList","@id":"https:\/\/blackpeak-ebike.com\/sl\/prijava-na-dogodek\/#breadcrumb","itemListElement":[{"@type":"ListItem","position":1,"name":"Home","item":"https:\/\/blackpeak-ebike.com\/sl\/"},{"@type":"ListItem","position":2,"name":"Prijava na Dogodek"}]},{"@type":"WebSite","@id":"https:\/\/blackpeak-ebike.com\/#website","url":"https:\/\/blackpeak-ebike.com\/","name":"BLACK PEAK","description":"E-bike Destination","potentialAction":[{"@type":"SearchAction","target":{"@type":"EntryPoint","urlTemplate":"https:\/\/blackpeak-ebike.com\/?s={search_term_string}"},"query-input":{"@type":"PropertyValueSpecification","valueRequired":true,"valueName":"search_term_string"}}],"inLanguage":"sl-SI"}]}},"_links":{"self":[{"href":"https:\/\/blackpeak-ebike.com\/sl\/wp-json\/wp\/v2\/pages\/2580","targetHints":{"allow":["GET"]}}],"collection":[{"href":"https:\/\/blackpeak-ebike.com\/sl\/wp-json\/wp\/v2\/pages"}],"about":[{"href":"https:\/\/blackpeak-ebike.com\/sl\/wp-json\/wp\/v2\/types\/page"}],"author":[{"embeddable":true,"href":"https:\/\/blackpeak-ebike.com\/sl\/wp-json\/wp\/v2\/users\/1"}],"replies":[{"embeddable":true,"href":"https:\/\/blackpeak-ebike.com\/sl\/wp-json\/wp\/v2\/comments?post=2580"}],"version-history":[{"count":34,"href":"https:\/\/blackpeak-ebike.com\/sl\/wp-json\/wp\/v2\/pages\/2580\/revisions"}],"predecessor-version":[{"id":2786,"href":"https:\/\/blackpeak-ebike.com\/sl\/wp-json\/wp\/v2\/pages\/2580\/revisions\/2786"}],"wp:featuredmedia":[{"embeddable":true,"href":"https:\/\/blackpeak-ebike.com\/sl\/wp-json\/wp\/v2\/media\/2698"}],"wp:attachment":[{"href":"https:\/\/blackpeak-ebike.com\/sl\/wp-json\/wp\/v2\/media?parent=2580"}],"curies":[{"name":"wp","href":"https:\/\/api.w.org\/{rel}","templated":true}]}}

<p>JESENSKA E-KOLESARSKA POSLASTICA </p>



<p>Spet smo tukaj!<br>Polni energije, z napolnjenimi baterijami 😊 in pripravljeni, da vas popeljemo na nova raziskovanja zahodnega dela Pohorja.</p>



<p>Jesen je tukaj v vsej svoji veličini in narava nam je postregla z res čudovitimi čarovnijami…<br><br>Pridružite se nam na brezplačni e-kolesarski vodeni turi, kjer se bomo s pomočjo e-koles odpravili po jesenski, pohorski čarovniji in raziskovali zahodni del Pohorja.</p>



<figure class="wp-block-image size-large"><img loading="lazy" decoding="async" width="1024" height="683" src="https://blackpeak-ebike.com/wp-content/uploads/2022/08/DSF9315-edited-Pixlr-1024x683.png" alt="" class="wp-image-2739" srcset="https://blackpeak-ebike.com/wp-content/uploads/2022/08/DSF9315-edited-Pixlr-1024x683.png 1024w, https://blackpeak-ebike.com/wp-content/uploads/2022/08/DSF9315-edited-Pixlr-300x200.png 300w, https://blackpeak-ebike.com/wp-content/uploads/2022/08/DSF9315-edited-Pixlr-768x512.png 768w, https://blackpeak-ebike.com/wp-content/uploads/2022/08/DSF9315-edited-Pixlr-1536x1024.png 1536w, https://blackpeak-ebike.com/wp-content/uploads/2022/08/DSF9315-edited-Pixlr.png 1920w" sizes="auto, (max-width: 767px) 89vw, (max-width: 1000px) 54vw, (max-width: 1071px) 543px, 580px" /></figure>



<p><strong>VEČ O DOGODKU</strong></p>



<p>Zbrali se bomo 22.10.2022 ob 08.00 uri pred našimi Lake Peak Apartmaji, Ribnica na Pohorju 26 in se odpravili na brezplačno, vodeno kolesarsko turo.<br>Z e-kolesi se bomo podali na 44 km dolgo pot (približno 1650 m višinske razlike).</p>



<p>Pot nas popelje mimo čudovitih naravnih in kulturnih znamenitosti, skritih partizanskih bolnišnic, cerkva&#8230;<br>Lepih razgledov na okoliške vrhove, gozdove, travnike, pašnike ne bo manjkalo.<br><br>Naš e-kolesarski podvig bomo nagradili in zaključili na planinski koči Pesnik. Planinska koča Pesnik leži na čudoviti lokaciji, majhnem pohorskem zaselku s čudovitim razgledom. Tukaj bomo uživali v domačem kosilu (20 eur na osebo), se družili in popolnoma sprostili.</p>



<p>Tako da: pripravite svoje čelade, napolnite e-kolesa in se prijavite na naši spletni strani.</p>



<p>Prijave zbiramo do četrtka 20.10.2022.</p>



<p><strong>Za vse dodatne informacije o dogodku smo vam voljo na</strong></p>



<p>Tel: +386 40 650 249<br>E-mail: iris@blackpeak-ebike.com</p>

<p>JESENSKA E-KOLESARSKA POSLASTICA Spet smo tukaj!Polni energije, z napolnjenimi baterijami 😊 in pripravljeni, da vas popeljemo na nova raziskovanja zahodnega dela Pohorja. Jesen je tukaj v vsej svoji veličini in narava nam je postregla z res čudovitimi čarovnijami… Pridružite se nam na brezplačni e-kolesarski vodeni turi, kjer se bomo s pomočjo e-koles odpravili po jesenski, &hellip; </p>
<p class="link-more"><a href="https://blackpeak-ebike.com/sl/prijava-na-dogodek/" class="more-link">Preberi več<span class="screen-reader-text"> &#8220;Prijava na Dogodek&#8221;</span></a></p>

<!-- This site is optimized with the Yoast SEO plugin v27.1.1 - https://yoast.com/product/yoast-seo-wordpress/ -->
<title>Prijava na dogodek - Black Peak E-bike</title>
<meta name="description" content="Black Peak E-bike, vabi na promocijsko, brezplačno vodeno turo z e-kolesi! Prijavite se na naši spletni strani!" />
<meta name="robots" content="index, follow, max-snippet:-1, max-image-preview:large, max-video-preview:-1" />
<link rel="canonical" href="https://blackpeak-ebike.com/sl/prijava-na-dogodek/" />
<meta property="og:locale" content="sl_SI" />
<meta property="og:type" content="article" />
<meta property="og:title" content="Prijava na dogodek - Black Peak E-bike" />
<meta property="og:description" content="Black Peak E-bike, vabi na promocijsko, brezplačno vodeno turo z e-kolesi! Prijavite se na naši spletni strani!" />
<meta property="og:url" content="https://blackpeak-ebike.com/sl/prijava-na-dogodek/" />
<meta property="og:site_name" content="BLACK PEAK" />
<meta property="article:modified_time" content="2022-10-13T07:15:33+00:00" />
<meta property="og:image" content="https://blackpeak-ebike.com/wp-content/uploads/2022/05/DSF9093-edited-Pixlr-1024x683.png" />
	<meta property="og:image:width" content="1024" />
	<meta property="og:image:height" content="683" />
	<meta property="og:image:type" content="image/png" />
<meta name="twitter:card" content="summary_large_image" />
<meta name="twitter:label1" content="Est. reading time" />
	<meta name="twitter:data1" content="2 minuti" />
<script type="application/ld+json" class="yoast-schema-graph">{"@context":"https://schema.org","@graph":[{"@type":"WebPage","@id":"https://blackpeak-ebike.com/sl/prijava-na-dogodek/","url":"https://blackpeak-ebike.com/sl/prijava-na-dogodek/","name":"Prijava na dogodek - Black Peak E-bike","isPartOf":{"@id":"https://blackpeak-ebike.com/#website"},"primaryImageOfPage":{"@id":"https://blackpeak-ebike.com/sl/prijava-na-dogodek/#primaryimage"},"image":{"@id":"https://blackpeak-ebike.com/sl/prijava-na-dogodek/#primaryimage"},"thumbnailUrl":"https://blackpeak-ebike.com/wp-content/uploads/2022/05/DSF9093-edited-Pixlr.png","datePublished":"2022-03-31T11:16:36+00:00","dateModified":"2022-10-13T07:15:33+00:00","description":"Black Peak E-bike, vabi na promocijsko, brezplačno vodeno turo z e-kolesi! Prijavite se na naši spletni strani!","breadcrumb":{"@id":"https://blackpeak-ebike.com/sl/prijava-na-dogodek/#breadcrumb"},"inLanguage":"sl-SI","potentialAction":[{"@type":"ReadAction","target":["https://blackpeak-ebike.com/sl/prijava-na-dogodek/"]}]},{"@type":"ImageObject","inLanguage":"sl-SI","@id":"https://blackpeak-ebike.com/sl/prijava-na-dogodek/#primaryimage","url":"https://blackpeak-ebike.com/wp-content/uploads/2022/05/DSF9093-edited-Pixlr.png","contentUrl":"https://blackpeak-ebike.com/wp-content/uploads/2022/05/DSF9093-edited-Pixlr.png","width":1920,"height":1280},{"@type":"BreadcrumbList","@id":"https://blackpeak-ebike.com/sl/prijava-na-dogodek/#breadcrumb","itemListElement":[{"@type":"ListItem","position":1,"name":"Home","item":"https://blackpeak-ebike.com/sl/"},{"@type":"ListItem","position":2,"name":"Prijava na Dogodek"}]},{"@type":"WebSite","@id":"https://blackpeak-ebike.com/#website","url":"https://blackpeak-ebike.com/","name":"BLACK PEAK","description":"E-bike Destination","potentialAction":[{"@type":"SearchAction","target":{"@type":"EntryPoint","urlTemplate":"https://blackpeak-ebike.com/?s={search_term_string}"},"query-input":{"@type":"PropertyValueSpecification","valueRequired":true,"valueName":"search_term_string"}}],"inLanguage":"sl-SI"}]}</script>
<!-- / Yoast SEO plugin. -->

Black Peak E-bike, vabi na promocijsko, brezplačno vodeno turo z e-kolesi! Prijavite se na naši spletni strani!
